e number?
False
Is 11635670465 composite?
True
Is 14901511847 a prime number?
True
Is 21964902469 a composite number?
True
Is 2549864341 composite?
True
Is 322670203 a composite number?
False
Is 24254161769 a composite number?
False
Is 1226198291 prime?
True
Is 115073553359 a composite number?
True
Is 1733398201 composite?
True
Is 307335143 prime?
True
Is 9264638771 composite?
False
Is 3902276051 composite?
False
Is 554934599 composite?
False
Is 38099655533 a composite number?
False
Is 13365458177 a composite number?
False
Is 5786281889 prime?
False
Is 5078871767 prime?
True
Is 6950636603 a composite number?
False
Is 207466081 prime?
True
Is 39287833033 composite?
True
Is 39306854777 a composite number?
False
Is 21642429527 prime?
True
Is 7443161183 composite?
False
Is 408459307 a prime number?
False
Is 7937366873 a composite number?
True
Is 33355435195 a composite number?
True
Is 4501594607 a prime number?
True
Is 4478788849 a prime number?
True
Is 2896894061 a composite number?
True
Is 3040840421 composite?
False
Is 24964043249 a prime number?
True
Is 757583059 prime?
True
Is 4196675017 composite?
True
Is 16413282679 a composite number?
False
Is 21678885191 a prime number?
True
Is 262323757 a prime number?
True
Is 14830949519 a composite number?
False
Is 9173162417 a prime number?
False
Is 3354254359 a prime number?
True
Is 3733841953 composite?
False
Is 113467799015 a prime number?
False
Is 12802808393 prime?
True
Is 37195892249 a prime number?
True
Is 2381087593 prime?
False
Is 55299987643 prime?
True
Is 65893613497 composite?
True
Is 1753873557 a prime number?
False
Is 104404967 composite?
False
Is 2175992591 a composite number?
False
Is 653639113 a composite number?
True
Is 4764359 a prime number?
False
Is 4171551161 prime?
True
Is 246191577487 a prime number?
False
Is 27217620407 prime?
True
Is 253403147429 a composite number?
True
Is 61903163587 prime?
False
Is 210502723 a prime number?
False
Is 6562069307 a prime number?
False
Is 187758979 a composite number?
True
Is 53977769 prime?
True
Is 8011614883 composite?
True
Is 1936738249 a prime number?
False
Is 5322812507 prime?
False
Is 191171723 prime?
True
Is 38314913137 a prime number?
True
Is 7835021953 a composite number?
True
Is 5149011041 composite?
False
Is 950095733 composite?
False
Is 484692727 a composite number?
False
Is 156873323 a prime number?
True
Is 179372759 prime?
True
Is 3441600707 a composite number?
False
Is 1955576599 composite?
False
Is 1342655669 composite?
False
Is 4249545991 composite?
False
Is 2468056123 prime?
False
Is 47508198343 prime?
False
Is 2686421993 prime?
False
Is 7545678521 a composite number?
False
Is 684295459 prime?
True
Is 7355501983 prime?
True
Is 527490871 a prime number?
False
Is 6676201453 composite?
False
Is 2601609817 a prime number?
True
Is 78835224887 prime?
True
Is 3889494001 a composite number?
False
Is 70843939 a composite number?
True
Is 1200648991 a composite number?
True
Is 541606463 composite?
True
Is 3287146903 prime?
True
Is 57352698773 prime?
True
Is 1019749677 prime?
False
Is 181838513 composite?
False
Is 7132650997 a composite number?
False
Is 224557393 prime?
False
Is 18407160571 prime?
True
Is 141119371 a composite number?
False
Is 15173733011 prime?
True
Is 17538904373 a composite number?
False
Is 1081076593 a composite number?
False
Is 1187633891 prime?
True
Is 251390669 a composite number?
False
Is 17482726795 a composite number?
True
Is 49421229353 a prime number?
True
Is 4440663991 prime?
True
Is 584200129 composite?
True
Is 168564353 composite?
True
Is 99538889 a composite number?
False
Is 4036949519 a prime number?
True
Is 18884683423 composite?
True
Is 1106193505 a prime number?
False
Is 11390339189 a prime number?
True
Is 569251471 composite?
False
Is 3818183881 composite?
False
Is 59393293391 composite?
True
Is 258211201 a prime number?
True
Is 1512174247 prime?
True
Is 124524373 a composite number?
False
Is 4862863547 a prime number?
False
Is 34595193257 composite?
False
Is 10458839837 a prime number?
False
Is 911284106 a composite number?
True
Is 18555164519 a composite number?
False
Is 3307087759 a composite number?
False
Is 24216519517 composite?
True
Is 119866721587 composite?
False
Is 710017991 a prime number?
False
Is 1264093877 prime?
True
Is 10250369585 prime?
False
Is 113249449 composite?
True
Is 2707940681 prime?
True
Is 263643931 composite?
False
Is 393176779 composite?
False
Is 189257614233 a prime number?
False
Is 1304788997 composite?
False
Is 167406929 a prime number?
False
Is 42748757801 a composite number?
False
Is 1701963283 a composite number?
False
Is 13092082811 composite?
True
Is 9845442133 a prime number?
True
Is 203542783 a composite number?
True
Is 1831712327 a prime number?
True
Is 1711975693 prime?
True
Is 1192526167 composite?
True
Is 5715285649 composite?
False
Is 27988076867 composite?
True
Is 5160056977 a prime number?
True
Is 5396978623 a composite number?
True
Is 116435049221 a composite number?
False
Is 44927173 a composite number?
False
Is 1252164097 composite?
True
Is 597164251 prime?
True
Is 29905792279 composite?
True
Is 46057591301 composite?
True
Is 2049745105 composite?
True
Is 8703144347 prime?
False
Is 178082339 composite?
False
Is 29018910643 a prime number?
True
Is 3803996101 composite?
False
Is 271093813 prime?
True
Is 343834957 a composite number?
True
Is 53229450977 a prime number?
False
Is 4390663337 a prime number?
True
Is 1120387651 a prime number?
True
Is 2686772383 a prime number?
False
Is 2929365427 composite?
False
Is 23572574921 prime?
False
Is 7557929233 a composite number?
False
Is 4129609987 a composite number?
False
Is 2259812717 prime?
True
Is 41961388361 a prime number?
False
Is 124489961 prime?
False
Is 8704519139 composite?
True
Is 75184336687 prime?
True
Is 26668991 prime?
True
Is 332329598231 a prime number?
True
Is 255850891 composite?
False
Is 3860879549 a prime number?
True
Is 5634311453 prime?
True
Is 3279038159 a composite number?
False
Is 22280829013 prime?
False
Is 27835113443 composite?
False
Is 2090174483 a prime number?
True
Is 2579786681 a prime number?
True
Is 18635251487 a composite number?
False
Is 20309439643 prime?
True
Is 826386397 composite?
True
Is 11402904757 a composite number?
False
Is 13769856197 prime?
False
Is 275616547 a prime number?
True
Is 35172738847 prime?
True
Is 1598732569 composite?
True
Is 54299223743 a prime number?
True
Is 3194515991 prime?
True
Is 3067597499 composite?
True
Is 375542491 a prime number?
False
Is 10572057347 a prime number?
True
Is 142272379 prime?
True
Is 5780708023 prime?
True
Is 223659850289 a composite number?
False
Is 32455215629 a composite number?
False
Is 1177510747 prime?
False
Is 49533385129 composite?
True
Is 6907682333 composite?
False
Is 261053917 a prime number?
False
Is 220312307 a composite number?
False
Is 3465140639 a prime number?
False
Is 14744736301 a prime number?
True
Is 241113063406 a prime number?
False
Is 981898483 a composite number?
False
Is 4147235449 composite?
True
Is 47036722409 prime?
True
Is 42905933507 a composite number?
False
Is 3776607391 a prime number?
False
Is 1950863539 a prime number?
True
Is 1449988627 a prime number?
True
Is 3851954393 a composite number?
True
Is 43291034051 prime?
True
Is 74033422163 a prime number?
False
Is 22880162689 prime?
True
Is 26582233421 prime?
False
Is 1750223381 prime?
True
Is 1530562909 a composite number?
False
Is 475603351 a composite number?
False
Is 2802354031 composite?
False
Is 874237587 a prime number?
False
Is 2468645401 a prime number?
True
Is 9660439 prime?
False
Is 147948635 a prime number?
False
Is 21098032951 a prime number?
True
Is 1412683789 a composite number?
True
Is 3982387129 a composite number?
True
Is 12658870141 a composite number?
False
Is 1093697887 a composite number?
True
Is 110659375913 a composite number?
False
Is 1068808849 a composite number?
False
Is 6505666399 a prime number?
True
Is 54912973009 a composite number?
False
Is 3078988987 prime?
True
Is 2582655455 a composite number?
True
Is 141134333 a prime number?
False
Is 4332493127 composite?
False
Is 44588581223 prime?
False
Is 111342547 composite?
False
Is 3969417981 composite?
True
Is 390759737 composite?
True
Is 4392117017 prime?
Tru